{"id":359545,"date":"2026-03-06T14:07:08","date_gmt":"2026-03-06T13:07:08","guid":{"rendered":"https:\/\/freakuence.nl\/product\/sonus-faber-guarneri-memento\/"},"modified":"2026-04-10T15:47:16","modified_gmt":"2026-04-10T13:47:16","slug":"sonus-faber-guarneri-memento","status":"publish","type":"product","link":"https:\/\/dev.freakuence.nl\/de\/produkt\/sonus-faber-guarneri-memento\/","title":{"rendered":"Sonus Faber Guarneri Memento"},"content":{"rendered":"<div class=\"product-specifications-list\">\n<div class=\"specification-item row-header\"><span class=\"spec-content\"><strong>Beschreibung Freakuence!<\/strong><\/span><\/div>\n<div class=\"specification-item row-even\"><span class=\"spec-content\">Au\u00dfergew\u00f6hnlich sch\u00f6n verarbeitete Monitore von Sonus Faber. Und musikalisch sind sie auch noch! Sie geben ein breites Stereobild ab, das sich sehr gut von den Lautsprechern l\u00f6st. Der Bass ist rund und hebt die Mitte gut an. Auch der Hocht\u00f6ner spielt sehr weitr\u00e4umig. Ein sch\u00f6nes Set. So klein sie auch sind, sie brauchen einen stabilen Verst\u00e4rker, um sich von ihrer besten Seite zu zeigen.      <\/span><\/div>\n<div class=\"specification-item row-header\"><span class=\"spec-content\"><strong>Details<\/strong><\/span><\/div>\n<div class=\"specification-item row-even\"><span class=\"spec-content\">Kleine Flecken, siehe dazu die Fotos! Die Saiten wurden nachgespannt. <\/span><\/div>\n<div class=\"specification-item row-header\"><span class=\"spec-content\"><strong>Allgemeine Beschreibung<\/strong><\/span><\/div>\n<div class=\"specification-item row-even\"><span class=\"spec-content\">Der Sonus Faber Guarneri Memento ist ein Lautsprecher, der Handwerkskunst und Musikalit\u00e4t vereint. Inspiriert von der Form einer Laute, besteht das Geh\u00e4use aus 21 St\u00fccken handverlesenen massiven Ahornholzes. Dieses Design tr\u00e4gt sowohl zur \u00c4sthetik als auch zur akustischen Leistung bei. Der Hocht\u00f6ner ist ein 25-mm-Ringradiator mit doppeltem Toroidal-Wellenleiter, w\u00e4hrend der Mitteltieft\u00f6ner ein 150-mm-Treiber mit einer CCAW\/Kapton-Schwingspule und einem Magnetsystem mit Kellog- und Faraday-Ringen ist. Die Frequenzweiche wurde so konzipiert, dass sie den Signalweg nur minimal beeintr\u00e4chtigt, mit Flankensteilheiten von 6 dB\/Oktave und Bauteilen von h\u00f6chster Qualit\u00e4t, darunter Silber-Palladium-Leitern. Als Hommage an die Tradition des italienischen Instrumentenbaus bietet der Guarneri Memento ein H\u00f6rerlebnis, das sowohl visuell als auch akustisch beeindruckend ist.     <\/span><\/div>\n<div class=\"specification-item row-header\"><span class=\"spec-content\"><strong>Hintergrundinformationen<\/strong><\/span><\/div>\n<div class=\"specification-item row-even\"><span class=\"spec-content\">Der Sonus Faber Guarneri Memento ist ein High-End-Lautsprecher, der von Livio Cucuzza entworfen und von Franco Serblin betreut wird. Das Geh\u00e4use ist aus laminiertem Holz mit Hochglanzlackierung gefertigt, wobei italienische Handwerkskunst im Mittelpunkt steht. Der Lautsprecher verwendet ma\u00dfgeschneiderte Chassis mit einem Ringradiator-Hocht\u00f6ner und einem Mittelt\u00f6ner mit Zellulose-Membran. Intern wird eine hochwertige Verkabelung von Mundorf-parts verwendet. Der Lautsprecher wird vollst\u00e4ndig von Hand in Vicenza, Italien, gefertigt.    <\/span><\/div>\n<div class=\"specification-item row-header\"><span class=\"spec-content\"><strong>Geschichte der Marke<\/strong><\/span><\/div>\n<div class=\"specification-item row-even\"><span class=\"spec-content\">Sonus faber wurde 1983 in Vicenza, Italien, gegr\u00fcndet. Das Unternehmen wurde von Franco Serblin gegr\u00fcndet und konzentrierte sich auf die Entwicklung von hochwertigen Lautsprechern. Der Name Sonus faber bedeutet &#8222;Hersteller von Klang&#8220; und verweist auf die handwerkliche Natur der Produkte des Unternehmens. Die Marke ist bekannt f\u00fcr ihre sorgf\u00e4ltige Handwerkskunst und die Liebe zum Detail, bei der Materialien wie Holz und Leder kombiniert werden. Sonus faber bleibt seinem italienischen Erbe treu und pflegt einen Herstellungsprozess, bei dem Handwerkskunst und \u00c4sthetik im Vordergrund stehen. Die Marke hat mit ihren Lautsprechern weltweite Anerkennung erlangt.     <\/span><\/div>\n<\/div>\n","protected":false},"excerpt":{"rendered":"<p>Beschreibung Freakuence! Au\u00dfergew\u00f6hnlich sch\u00f6n verarbeitete Monitore von Sonus Faber. Und musikalisch sind sie auch noch! Sie geben ein breites Stereobild ab, das sich sehr gut von den Lautsprechern l\u00f6st. Der Bass ist rund und hebt die Mitte gut an. Auch der Hocht\u00f6ner spielt sehr weitr\u00e4umig. Ein sch\u00f6nes Set. So klein sie auch sind, sie brauchen [&hellip;]<\/p>\n","protected":false},"featured_media":391555,"template":"","meta":{"_acf_changed":false,"inline_featured_image":false},"product_brand":[],"product_cat":[708,542],"product_tag":[534],"class_list":{"0":"post-359545","1":"product","2":"type-product","3":"status-publish","4":"has-post-thumbnail","6":"product_cat-bucherregal-lautsprecher","7":"product_cat-redner","8":"product_tag-benutzt","9":"pa_kleur-grun","11":"first","12":"instock","13":"sold-individually","14":"purchasable","15":"product-type-simple"},"acf":{"website":true,"show_on_homepage":false,"brand_title":"Sonus Faber","product_type":"Guarneri Memento","color":"Gr\u00fcn","subcolor":"","reserved_status":"0"},"_links":{"self":[{"href":"https:\/\/dev.freakuence.nl\/de\/wp-json\/wp\/v2\/product\/359545","targetHints":{"allow":["GET"]}}],"collection":[{"href":"https:\/\/dev.freakuence.nl\/de\/wp-json\/wp\/v2\/product"}],"about":[{"href":"https:\/\/dev.freakuence.nl\/de\/wp-json\/wp\/v2\/types\/product"}],"wp:featuredmedia":[{"embeddable":true,"href":"https:\/\/dev.freakuence.nl\/de\/wp-json\/wp\/v2\/media\/391555"}],"wp:attachment":[{"href":"https:\/\/dev.freakuence.nl\/de\/wp-json\/wp\/v2\/media?parent=359545"}],"wp:term":[{"taxonomy":"product_brand","embeddable":true,"href":"https:\/\/dev.freakuence.nl\/de\/wp-json\/wp\/v2\/product_brand?post=359545"},{"taxonomy":"product_cat","embeddable":true,"href":"https:\/\/dev.freakuence.nl\/de\/wp-json\/wp\/v2\/product_cat?post=359545"},{"taxonomy":"product_tag","embeddable":true,"href":"https:\/\/dev.freakuence.nl\/de\/wp-json\/wp\/v2\/product_tag?post=359545"}],"curies":[{"name":"wp","href":"https:\/\/api.w.org\/{rel}","templated":true}]}}

<div class="product-specifications-list">
<div class="specification-item row-header"><span class="spec-content"><strong>Beschreibung Freakuence!</strong></span></div>
<div class="specification-item row-even"><span class="spec-content">Außergewöhnlich schön verarbeitete Monitore von Sonus Faber. Und musikalisch sind sie auch noch! Sie geben ein breites Stereobild ab, das sich sehr gut von den Lautsprechern löst. Der Bass ist rund und hebt die Mitte gut an. Auch der Hochtöner spielt sehr weiträumig. Ein schönes Set. So klein sie auch sind, sie brauchen einen stabilen Verstärker, um sich von ihrer besten Seite zu zeigen.      </span></div>
<div class="specification-item row-header"><span class="spec-content"><strong>Details</strong></span></div>
<div class="specification-item row-even"><span class="spec-content">Kleine Flecken, siehe dazu die Fotos! Die Saiten wurden nachgespannt. </span></div>
<div class="specification-item row-header"><span class="spec-content"><strong>Allgemeine Beschreibung</strong></span></div>
<div class="specification-item row-even"><span class="spec-content">Der Sonus Faber Guarneri Memento ist ein Lautsprecher, der Handwerkskunst und Musikalität vereint. Inspiriert von der Form einer Laute, besteht das Gehäuse aus 21 Stücken handverlesenen massiven Ahornholzes. Dieses Design trägt sowohl zur Ästhetik als auch zur akustischen Leistung bei. Der Hochtöner ist ein 25-mm-Ringradiator mit doppeltem Toroidal-Wellenleiter, während der Mitteltieftöner ein 150-mm-Treiber mit einer CCAW/Kapton-Schwingspule und einem Magnetsystem mit Kellog- und Faraday-Ringen ist. Die Frequenzweiche wurde so konzipiert, dass sie den Signalweg nur minimal beeinträchtigt, mit Flankensteilheiten von 6 dB/Oktave und Bauteilen von höchster Qualität, darunter Silber-Palladium-Leitern. Als Hommage an die Tradition des italienischen Instrumentenbaus bietet der Guarneri Memento ein Hörerlebnis, das sowohl visuell als auch akustisch beeindruckend ist.     </span></div>
<div class="specification-item row-header"><span class="spec-content"><strong>Hintergrundinformationen</strong></span></div>
<div class="specification-item row-even"><span class="spec-content">Der Sonus Faber Guarneri Memento ist ein High-End-Lautsprecher, der von Livio Cucuzza entworfen und von Franco Serblin betreut wird. Das Gehäuse ist aus laminiertem Holz mit Hochglanzlackierung gefertigt, wobei italienische Handwerkskunst im Mittelpunkt steht. Der Lautsprecher verwendet maßgeschneiderte Chassis mit einem Ringradiator-Hochtöner und einem Mitteltöner mit Zellulose-Membran. Intern wird eine hochwertige Verkabelung von Mundorf-parts verwendet. Der Lautsprecher wird vollständig von Hand in Vicenza, Italien, gefertigt.    </span></div>
<div class="specification-item row-header"><span class="spec-content"><strong>Geschichte der Marke</strong></span></div>
<div class="specification-item row-even"><span class="spec-content">Sonus faber wurde 1983 in Vicenza, Italien, gegründet. Das Unternehmen wurde von Franco Serblin gegründet und konzentrierte sich auf die Entwicklung von hochwertigen Lautsprechern. Der Name Sonus faber bedeutet &#8222;Hersteller von Klang&#8220; und verweist auf die handwerkliche Natur der Produkte des Unternehmens. Die Marke ist bekannt für ihre sorgfältige Handwerkskunst und die Liebe zum Detail, bei der Materialien wie Holz und Leder kombiniert werden. Sonus faber bleibt seinem italienischen Erbe treu und pflegt einen Herstellungsprozess, bei dem Handwerkskunst und Ästhetik im Vordergrund stehen. Die Marke hat mit ihren Lautsprechern weltweite Anerkennung erlangt.     </span></div>
</div>

<p>Beschreibung Freakuence! Außergewöhnlich schön verarbeitete Monitore von Sonus Faber. Und musikalisch sind sie auch noch! Sie geben ein breites Stereobild ab, das sich sehr gut von den Lautsprechern löst. Der Bass ist rund und hebt die Mitte gut an. Auch der Hochtöner spielt sehr weiträumig. Ein schönes Set. So klein sie auch sind, sie brauchen [&hellip;]</p>

Grün
