{"id":359544,"date":"2026-03-06T14:07:08","date_gmt":"2026-03-06T13:07:08","guid":{"rendered":"https:\/\/freakuence.nl\/product\/sonus-faber-guarneri-memento\/"},"modified":"2026-04-10T15:47:18","modified_gmt":"2026-04-10T13:47:18","slug":"sonus-faber-guarneri-memento","status":"publish","type":"product","link":"https:\/\/dev.freakuence.nl\/fr\/produit\/sonus-faber-guarneri-memento\/","title":{"rendered":"Sonus Faber Guarneri Memento"},"content":{"rendered":"<div class=\"product-specifications-list\">\n<div class=\"specification-item row-header\"><span class=\"spec-content\"><strong>Description Freakuence !<\/strong><\/span><\/div>\n<div class=\"specification-item row-even\"><span class=\"spec-content\">Les moniteurs Sonus Faber sont d&rsquo;une finition exceptionnelle. Et elles sont musicales ! Elles offrent une image st\u00e9r\u00e9o large, qui se d\u00e9tache tr\u00e8s bien des enceintes. Le grave est rond, et soul\u00e8ve bien le centre. Le tweeter joue \u00e9galement de mani\u00e8re tr\u00e8s spacieuse. Bel ensemble. Aussi petites soient-elles, elles ont besoin d&rsquo;un amplificateur stable pour se montrer sous leur meilleur jour.      <\/span><\/div>\n<div class=\"specification-item row-header\"><span class=\"spec-content\"><strong>D\u00e9tails<\/strong><\/span><\/div>\n<div class=\"specification-item row-even\"><span class=\"spec-content\">Petites taches, voir les photos ! Les cordes ont \u00e9t\u00e9 retendues. <\/span><\/div>\n<div class=\"specification-item row-header\"><span class=\"spec-content\"><strong>Description g\u00e9n\u00e9rale<\/strong><\/span><\/div>\n<div class=\"specification-item row-even\"><span class=\"spec-content\">La Sonus Faber Guarneri Memento est une enceinte qui allie artisanat et musicalit\u00e9. Inspir\u00e9e par la forme d&rsquo;un luth, l&rsquo;enceinte est compos\u00e9e de 21 pi\u00e8ces de bois d&rsquo;\u00e9rable massif s\u00e9lectionn\u00e9es \u00e0 la main. Cette conception contribue \u00e0 la fois \u00e0 l&rsquo;esth\u00e9tique et aux performances acoustiques. Le tweeter est un radiateur annulaire de 25 mm avec un double guide d&rsquo;ondes toro\u00efdal, tandis que le midwoofer est un haut-parleur de 150 mm avec une bobine mobile en CCAW\/Kapton et un syst\u00e8me magn\u00e9tique avec des anneaux Kellog et Faraday. Le filtre est con\u00e7u pour minimiser les interf\u00e9rences sur le trajet du signal, avec des pentes de 6 dB\/octave et des composants de la plus haute qualit\u00e9, y compris des conducteurs en argent-palladium. Hommage \u00e0 la tradition de la lutherie italienne, le Guarneri Memento offre une exp\u00e9rience d&rsquo;\u00e9coute \u00e0 la fois visuelle et sonore impressionnante.     <\/span><\/div>\n<div class=\"specification-item row-header\"><span class=\"spec-content\"><strong>Informations g\u00e9n\u00e9rales<\/strong><\/span><\/div>\n<div class=\"specification-item row-even\"><span class=\"spec-content\">La Sonus Faber Guarneri Memento est une enceinte haut de gamme con\u00e7ue par Livio Cucuzza et supervis\u00e9e par Franco Serblin. L&rsquo;enceinte est fabriqu\u00e9e en bois stratifi\u00e9 avec une finition brillante, avec un savoir-faire italien \u00e0 la base. L&rsquo;enceinte utilise des haut-parleurs personnalis\u00e9s, avec un tweeter \u00e0 anneau et un haut-parleur de m\u00e9dium \u00e0 membrane en cellulose. Le c\u00e2blage interne est de haute qualit\u00e9 et provient de Mundorf-parts. L&rsquo;enceinte est enti\u00e8rement fabriqu\u00e9e \u00e0 la main \u00e0 Vicenza, en Italie.    <\/span><\/div>\n<div class=\"specification-item row-header\"><span class=\"spec-content\"><strong>Histoire de la marque<\/strong><\/span><\/div>\n<div class=\"specification-item row-even\"><span class=\"spec-content\">Sonus faber a \u00e9t\u00e9 fond\u00e9 en 1983 \u00e0 Vicenza, en Italie. L&rsquo;entreprise a \u00e9t\u00e9 fond\u00e9e par Franco Serblin, avec pour objectif de d\u00e9velopper des haut-parleurs de haute qualit\u00e9. Le nom Sonus faber signifie \u00ab\u00a0fabricant de son\u00a0\u00bb, en r\u00e9f\u00e9rence \u00e0 la nature artisanale de ses produits. La marque est connue pour son savoir-faire m\u00e9ticuleux et son souci du d\u00e9tail, combinant des mat\u00e9riaux tels que le bois et le cuir. Sonus faber reste fid\u00e8le \u00e0 son h\u00e9ritage italien et maintient un processus de fabrication qui met l&rsquo;accent sur l&rsquo;artisanat et l&rsquo;esth\u00e9tique. La marque est reconnue dans le monde entier pour ses haut-parleurs.     <\/span><\/div>\n<\/div>\n","protected":false},"excerpt":{"rendered":"<p>Description Freakuence ! Les moniteurs Sonus Faber sont d&rsquo;une finition exceptionnelle. Et elles sont musicales ! Elles offrent une image st\u00e9r\u00e9o large, qui se d\u00e9tache tr\u00e8s bien des enceintes. Le grave est rond, et soul\u00e8ve bien le centre. Le tweeter joue \u00e9galement de mani\u00e8re tr\u00e8s spacieuse. Bel ensemble. Aussi petites soient-elles, elles ont besoin d&rsquo;un [&hellip;]<\/p>\n","protected":false},"featured_media":391555,"template":"","meta":{"_acf_changed":false,"inline_featured_image":false},"product_brand":[],"product_cat":[709,543],"product_tag":[533],"class_list":{"0":"post-359544","1":"product","2":"type-product","3":"status-publish","4":"has-post-thumbnail","6":"product_cat-enceintes-de-bibliotheque","7":"product_cat-intervenants","8":"product_tag-used","9":"pa_kleur-vert","11":"first","12":"instock","13":"sold-individually","14":"purchasable","15":"product-type-simple"},"acf":{"website":true,"show_on_homepage":false,"brand_title":"Sonus Faber","product_type":"Guarneri Memento","color":"Vert","subcolor":"","reserved_status":"0"},"_links":{"self":[{"href":"https:\/\/dev.freakuence.nl\/fr\/wp-json\/wp\/v2\/product\/359544","targetHints":{"allow":["GET"]}}],"collection":[{"href":"https:\/\/dev.freakuence.nl\/fr\/wp-json\/wp\/v2\/product"}],"about":[{"href":"https:\/\/dev.freakuence.nl\/fr\/wp-json\/wp\/v2\/types\/product"}],"wp:featuredmedia":[{"embeddable":true,"href":"https:\/\/dev.freakuence.nl\/fr\/wp-json\/wp\/v2\/media\/391555"}],"wp:attachment":[{"href":"https:\/\/dev.freakuence.nl\/fr\/wp-json\/wp\/v2\/media?parent=359544"}],"wp:term":[{"taxonomy":"product_brand","embeddable":true,"href":"https:\/\/dev.freakuence.nl\/fr\/wp-json\/wp\/v2\/product_brand?post=359544"},{"taxonomy":"product_cat","embeddable":true,"href":"https:\/\/dev.freakuence.nl\/fr\/wp-json\/wp\/v2\/product_cat?post=359544"},{"taxonomy":"product_tag","embeddable":true,"href":"https:\/\/dev.freakuence.nl\/fr\/wp-json\/wp\/v2\/product_tag?post=359544"}],"curies":[{"name":"wp","href":"https:\/\/api.w.org\/{rel}","templated":true}]}}

<div class="product-specifications-list">
<div class="specification-item row-header"><span class="spec-content"><strong>Description Freakuence !</strong></span></div>
<div class="specification-item row-even"><span class="spec-content">Les moniteurs Sonus Faber sont d&rsquo;une finition exceptionnelle. Et elles sont musicales ! Elles offrent une image stéréo large, qui se détache très bien des enceintes. Le grave est rond, et soulève bien le centre. Le tweeter joue également de manière très spacieuse. Bel ensemble. Aussi petites soient-elles, elles ont besoin d&rsquo;un amplificateur stable pour se montrer sous leur meilleur jour.      </span></div>
<div class="specification-item row-header"><span class="spec-content"><strong>Détails</strong></span></div>
<div class="specification-item row-even"><span class="spec-content">Petites taches, voir les photos ! Les cordes ont été retendues. </span></div>
<div class="specification-item row-header"><span class="spec-content"><strong>Description générale</strong></span></div>
<div class="specification-item row-even"><span class="spec-content">La Sonus Faber Guarneri Memento est une enceinte qui allie artisanat et musicalité. Inspirée par la forme d&rsquo;un luth, l&rsquo;enceinte est composée de 21 pièces de bois d&rsquo;érable massif sélectionnées à la main. Cette conception contribue à la fois à l&rsquo;esthétique et aux performances acoustiques. Le tweeter est un radiateur annulaire de 25 mm avec un double guide d&rsquo;ondes toroïdal, tandis que le midwoofer est un haut-parleur de 150 mm avec une bobine mobile en CCAW/Kapton et un système magnétique avec des anneaux Kellog et Faraday. Le filtre est conçu pour minimiser les interférences sur le trajet du signal, avec des pentes de 6 dB/octave et des composants de la plus haute qualité, y compris des conducteurs en argent-palladium. Hommage à la tradition de la lutherie italienne, le Guarneri Memento offre une expérience d&rsquo;écoute à la fois visuelle et sonore impressionnante.     </span></div>
<div class="specification-item row-header"><span class="spec-content"><strong>Informations générales</strong></span></div>
<div class="specification-item row-even"><span class="spec-content">La Sonus Faber Guarneri Memento est une enceinte haut de gamme conçue par Livio Cucuzza et supervisée par Franco Serblin. L&rsquo;enceinte est fabriquée en bois stratifié avec une finition brillante, avec un savoir-faire italien à la base. L&rsquo;enceinte utilise des haut-parleurs personnalisés, avec un tweeter à anneau et un haut-parleur de médium à membrane en cellulose. Le câblage interne est de haute qualité et provient de Mundorf-parts. L&rsquo;enceinte est entièrement fabriquée à la main à Vicenza, en Italie.    </span></div>
<div class="specification-item row-header"><span class="spec-content"><strong>Histoire de la marque</strong></span></div>
<div class="specification-item row-even"><span class="spec-content">Sonus faber a été fondé en 1983 à Vicenza, en Italie. L&rsquo;entreprise a été fondée par Franco Serblin, avec pour objectif de développer des haut-parleurs de haute qualité. Le nom Sonus faber signifie « fabricant de son », en référence à la nature artisanale de ses produits. La marque est connue pour son savoir-faire méticuleux et son souci du détail, combinant des matériaux tels que le bois et le cuir. Sonus faber reste fidèle à son héritage italien et maintient un processus de fabrication qui met l&rsquo;accent sur l&rsquo;artisanat et l&rsquo;esthétique. La marque est reconnue dans le monde entier pour ses haut-parleurs.     </span></div>
</div>

<p>Description Freakuence ! Les moniteurs Sonus Faber sont d&rsquo;une finition exceptionnelle. Et elles sont musicales ! Elles offrent une image stéréo large, qui se détache très bien des enceintes. Le grave est rond, et soulève bien le centre. Le tweeter joue également de manière très spacieuse. Bel ensemble. Aussi petites soient-elles, elles ont besoin d&rsquo;un [&hellip;]</p>
